{"id":1702,"date":"2021-03-16T22:26:02","date_gmt":"2021-03-16T21:26:02","guid":{"rendered":"http:\/\/redroosters.be\/?page_id=1702"},"modified":"2021-08-26T14:21:58","modified_gmt":"2021-08-26T12:21:58","slug":"inscriptions","status":"publish","type":"page","link":"https:\/\/redroosters.be\/index.php\/inscriptions\/","title":{"rendered":"INSCRIPTIONS"},"content":{"rendered":"<div class=\"fusion-fullwidth fullwidth-box fusion-builder-row-1 fusion-flex-container nonhundred-percent-fullwidth non-hundred-percent-height-scrolling\" style=\"--awb-border-radius-top-left:0px;--awb-border-radius-top-right:0px;--awb-border-radius-bottom-right:0px;--awb-border-radius-bottom-left:0px;--awb-flex-wrap:wrap;\" ><div class=\"fusion-builder-row fusion-row fusion-flex-align-items-flex-start fusion-flex-content-wrap\" style=\"max-width:1185.6px;margin-left: calc(-4% \/ 2 );margin-right: calc(-4% \/ 2 );\"><div class=\"fusion-layout-column fusion_builder_column fusion-builder-column-0 fusion_builder_column_1_2 1_2 fusion-flex-column\" style=\"--awb-bg-size:cover;--awb-width-large:50%;--awb-margin-top-large:0px;--awb-spacing-right-large:3.84%;--awb-margin-bottom-large:20px;--awb-spacing-left-large:3.84%;--awb-width-medium:100%;--awb-order-medium:0;--awb-spacing-right-medium:1.92%;--awb-spacing-left-medium:1.92%;--awb-width-small:100%;--awb-order-small:0;--awb-spacing-right-small:1.92%;--awb-spacing-left-small:1.92%;\"><div class=\"fusion-column-wrapper fusion-column-has-shadow fusion-flex-justify-content-flex-start fusion-content-layout-column\"><div class=\"fusion-title title fusion-title-1 fusion-sep-none fusion-title-text fusion-title-size-one\"><h1 class=\"fusion-title-heading title-heading-left fusion-responsive-typography-calculated\" style=\"margin:0;--fontSize:34;line-height:1.4;\"><h2>Comment se d\u00e9roule l&#8217;inscription ?<\/h2><\/h1><\/div><div class=\"fusion-text fusion-text-1\"><p>1. Un <strong>document d\u2019inscription club est disponible au cube<\/strong>, il permet de devenir membre et d\u2019\u00eatre assur\u00e9 par la f\u00e9d\u00e9ration. Le club vous fournira ensuite le <strong>document d\u2019affiliation.<\/strong><\/p>\n<\/div><div class=\"fusion-text fusion-text-2\"><p>2. Remplir le document l\u2019affiliation \u00e0 la f\u00e9d\u00e9ration Belge <strong>avec cachet d\u2019aptitude m\u00e9dicale<\/strong>. (A faire remplir par son M\u00e9decin)<\/p>\n<\/div><div class=\"fusion-text fusion-text-3\"><p>3. Paiement de la cotisation sur le compte du Club <strong>BE31 3630 2053 6455<\/strong>.<\/p>\n<\/div><div class=\"fusion-text fusion-text-4\"><p class=\"p2\"><strong>Pas d\u2019acc\u00e8s \u00e0 la glace sans cotisations et documents en ordre !\u00a0<\/strong><\/p>\n<\/div><div class=\"fusion-separator fusion-full-width-sep\" style=\"align-self: center;margin-left: auto;margin-right: auto;width:100%;\"><\/div><div class=\"fusion-title title fusion-title-2 fusion-sep-none fusion-title-text fusion-title-size-one\"><h1 class=\"fusion-title-heading title-heading-left fusion-responsive-typography-calculated\" style=\"margin:0;--fontSize:34;line-height:1.4;\"><h2>Quelques questions fr\u00e9quentes :<\/h2><\/h1><\/div><div ><a class=\"fusion-button button-flat button-medium button-default fusion-button-default button-1 fusion-button-default-span fusion-button-default-type\" target=\"_self\" href=\"http:\/\/redroosters.be\/index.php\/faq\/\"><span class=\"fusion-button-text awb-button__text awb-button__text--default\">FAQ<\/span><\/a><\/div><\/div><\/div><div class=\"fusion-layout-column fusion_builder_column fusion-builder-column-1 fusion_builder_column_1_2 1_2 fusion-flex-column\" style=\"--awb-bg-size:cover;--awb-width-large:50%;--awb-margin-top-large:0px;--awb-spacing-right-large:3.84%;--awb-margin-bottom-large:20px;--awb-spacing-left-large:3.84%;--awb-width-medium:100%;--awb-order-medium:0;--awb-spacing-right-medium:1.92%;--awb-spacing-left-medium:1.92%;--awb-width-small:100%;--awb-order-small:0;--awb-spacing-right-small:1.92%;--awb-spacing-left-small:1.92%;\"><div class=\"fusion-column-wrapper fusion-column-has-shadow fusion-flex-justify-content-flex-start fusion-content-layout-column\"><div class=\"fusion-title title fusion-title-3 fusion-sep-none fusion-title-text fusion-title-size-one\"><h1 class=\"fusion-title-heading title-heading-left fusion-responsive-typography-calculated\" style=\"margin:0;--fontSize:34;line-height:1.4;\"><h2>Cotisation 2021 -2022<\/h2><\/h1><\/div>\n<div class=\"table-1\">\n<table width=\"100%\">\n<thead>\n<tr>\n<th style=\"text-align: left;\" align=\"left\">Cat\u00e9gorie<\/th>\n<th style=\"text-align: left;\" align=\"left\">Montant<\/th>\n<\/tr>\n<\/thead>\n<tbody>\n<tr>\n<td align=\"left\">U6 &#8211; U8 -U10<\/td>\n<td align=\"left\">300 \u20ac<\/td>\n<\/tr>\n<tr>\n<td align=\"left\">U12<\/td>\n<td align=\"left\">360 \u20ac<\/td>\n<\/tr>\n<tr>\n<td align=\"left\">U14<\/td>\n<td align=\"left\">400 \u20ac<\/td>\n<\/tr>\n<tr>\n<td align=\"left\">U16<\/td>\n<td align=\"left\">410 \u20ac<\/td>\n<\/tr>\n<tr>\n<td align=\"left\">U19<\/td>\n<td align=\"left\">420 \u20ac<\/td>\n<\/tr>\n<tr>\n<td align=\"left\">Senior comp\u00e9tition<\/td>\n<td align=\"left\">450 \u20ac<\/td>\n<\/tr>\n<tr>\n<td style=\"text-align: left;\" align=\"left\">Loisir<\/td>\n<td style=\"text-align: left;\" align=\"left\">450 \u20ac<\/td>\n<\/tr>\n<\/tbody>\n<\/table>\n<\/div>\n<\/div><\/div><\/div><\/div>\n","protected":false},"excerpt":{"rendered":"","protected":false},"author":1,"featured_media":0,"parent":0,"menu_order":0,"comment_status":"closed","ping_status":"closed","template":"","meta":{"footnotes":""},"class_list":["post-1702","page","type-page","status-publish","hentry"],"_links":{"self":[{"href":"https:\/\/redroosters.be\/index.php\/wp-json\/wp\/v2\/pages\/1702","targetHints":{"allow":["GET"]}}],"collection":[{"href":"https:\/\/redroosters.be\/index.php\/wp-json\/wp\/v2\/pages"}],"about":[{"href":"https:\/\/redroosters.be\/index.php\/wp-json\/wp\/v2\/types\/page"}],"author":[{"embeddable":true,"href":"https:\/\/redroosters.be\/index.php\/wp-json\/wp\/v2\/users\/1"}],"replies":[{"embeddable":true,"href":"https:\/\/redroosters.be\/index.php\/wp-json\/wp\/v2\/comments?post=1702"}],"version-history":[{"count":25,"href":"https:\/\/redroosters.be\/index.php\/wp-json\/wp\/v2\/pages\/1702\/revisions"}],"predecessor-version":[{"id":2019,"href":"https:\/\/redroosters.be\/index.php\/wp-json\/wp\/v2\/pages\/1702\/revisions\/2019"}],"wp:attachment":[{"href":"https:\/\/redroosters.be\/index.php\/wp-json\/wp\/v2\/media?parent=1702"}],"curies":[{"name":"wp","href":"https:\/\/api.w.org\/{rel}","templated":true}]}}